Is 20355158891 prime?
True
Is 19059375193 prime?
True
Is 1318919591 a prime number?
False
Is 6440526647 a composite number?
False
Is 12091983107 composite?
False
Is 42860653337 prime?
True
Is 1312998103 prime?
True
Is 44672397541 a prime number?
False
Is 29012641429 a composite number?
True
Is 1096494193 a composite number?
True
Is 1554135034 a prime number?
False
Is 24714917 prime?
True
Is 15433277633 composite?
True
Is 1667150641 prime?
False
Is 56561803241 a prime number?
False
Is 13760755609 prime?
True
Is 3035290889 composite?
True
Is 9827330587 composite?
False
Is 54679310071 a prime number?
True
Is 51890973793 a prime number?
True
Is 809035039 a prime number?
True
Is 5914552369 prime?
False
Is 900411839 composite?
True
Is 6674495315 a prime number?
False
Is 20840309089 prime?
False
Is 19801279 a prime number?
True
Is 18269389033 prime?
False
Is 13991807 composite?
False
Is 13056465973 a composite number?
True
Is 5105822647 prime?
False
Is 1899945083 a composite number?
False
Is 5952384929 composite?
True
Is 182723179 prime?
True
Is 1105802583 composite?
True
Is 2253168293 a composite number?
False
Is 114298066847 a composite number?
True
Is 94694399 a prime number?
False
Is 4529862473 composite?
True
Is 3139178009 prime?
False
Is 2576787749 composite?
False
Is 334278676405 composite?
True
Is 9415206601 a prime number?
True
Is 713347189 composite?
True
Is 6160508653 composite?
True
Is 629444267 a prime number?
True
Is 6697859827 composite?
False
Is 163456583 composite?
True
Is 69048492517 a composite number?
False
Is 15373436293 prime?
True
Is 4339530623 a composite number?
True
Is 31054787 composite?
False
Is 39209749687 prime?
True
Is 571483813 prime?
False
Is 40184225041 a prime number?
False
Is 133093219 a prime number?
False
Is 13407546227 a prime number?
False
Is 6415215187 composite?
True
Is 42909058501 composite?
False
Is 322554308663 a prime number?
True
Is 29764243885 prime?
False
Is 79910651477 composite?
False
Is 35711633621 a prime number?
True
Is 1310685491 prime?
True
Is 22916591323 composite?
True
Is 5040143641 prime?
False
Is 2701523219 a prime number?
False
Is 283690697 a prime number?
True
Is 7604061401 prime?
False
Is 819039569 composite?
True
Is 15402624793 composite?
True
Is 580312463 composite?
False
Is 3347711777 a composite number?
True
Is 255462979 composite?
True
Is 410012441 composite?
False
Is 3982612147 a prime number?
True
Is 657869287 composite?
True
Is 54981824609 prime?
False
Is 12241915363 composite?
False
Is 5361342493 a prime number?
False
Is 75177501445 a prime number?
False
Is 113946898985 a composite number?
True
Is 7501127 prime?
False
Is 7562316157 composite?
True
Is 11852320339 a composite number?
True
Is 3853851359 prime?
True
Is 3282290051 a composite number?
False
Is 3815053883 a prime number?
False
Is 62371495157 a composite number?
False
Is 1593885497 a prime number?
True
Is 613109593 a composite number?
False
Is 8377807279 a composite number?
True
Is 37751561 a prime number?
True
Is 383540459 prime?
True
Is 113866303 a prime number?
False
Is 13294101031 a composite number?
True
Is 129144397927 a composite number?
False
Is 1254906707 prime?
True
Is 6265079021 a composite number?
False
Is 5874866191 composite?
True
Is 29267424517 composite?
False
Is 444999959 a prime number?
False
Is 95218430819 a prime number?
True
Is 20412718757 prime?
True
Is 191399827321 a composite number?
False
Is 1280472371 composite?
True
Is 20662135231 prime?
True
Is 1616400589 prime?
False
Is 4146627577 a prime number?
True
Is 2027228039 composite?
True
Is 28652556113 a prime number?
True
Is 11233211117 a prime number?
True
Is 2018929691 prime?
True
Is 3573937391 a composite number?
False
Is 7561884137 a prime number?
False
Is 253215233 composite?
True
Is 130275923 a prime number?
True
Is 7342507013 prime?
False
Is 99431959147 prime?
True
Is 413216741 a prime number?
False
Is 5312915417 a prime number?
True
Is 99201517859 prime?
False
Is 21499602989 prime?
True
Is 22861067107 a prime number?
False
Is 1470051313 composite?
False
Is 285821893 prime?
False
Is 35413972879 composite?
False
Is 378837959 a prime number?
True
Is 3576794887 a prime number?
True
Is 298655627 a composite number?
False
Is 176577197 a composite number?
False
Is 345420241 a composite number?
True
Is 675921221 a prime number?
True
Is 270936227 prime?
True
Is 1198426409 a prime number?
False
Is 3646025553 a composite number?
True
Is 407865119 a prime number?
False
Is 6595842443 prime?
True
Is 2283827999 a composite number?
False
Is 262633079 a prime number?
False
Is 4423327459 a composite number?
False
Is 39075649 prime?
True
Is 37211826089 prime?
True
Is 35129714129 composite?
False
Is 68489752907 prime?
True
Is 4497585583 composite?
True
Is 15255885499 prime?
True
Is 585862433 a prime number?
False
Is 14140207 a prime number?
False
Is 7871391673 prime?
False
Is 9416935505 prime?
False
Is 6904483549 prime?
False
Is 1133283421 composite?
True
Is 145982342003 composite?
False
Is 1181148343 prime?
False
Is 13693055245 a composite number?
True
Is 2366767993 composite?
False
Is 245180945729 composite?
False
Is 67349369107 composite?
False
Is 2951081317 a composite number?
False
Is 382377153103 composite?
True
Is 4612451 composite?
False
Is 4124161389 a prime number?
False
Is 223501931 a composite number?
False
Is 76077282053 a composite number?
False
Is 2715907009 composite?
False
Is 2290113827 a prime number?
False
Is 1532548097 composite?
True
Is 35430315257 a composite number?
True
Is 4702254331 a prime number?
False
Is 288519967 composite?
True
Is 340743463 prime?
False
Is 4681380503 a prime number?
True
Is 76388970989 a composite number?
True
Is 2324681911 prime?
True
Is 250590854947 a prime number?
True
Is 3728267531 prime?
True
Is 3284166157 prime?
True
Is 25387198979 a prime number?
True
Is 1245756643 a composite number?
False
Is 1401876677 a composite number?
True
Is 538821077 composite?
True
Is 1771099789 a prime number?
True
Is 45380483033 a prime number?
True
Is 3473173109 prime?
False
Is 4920843871 a composite number?
False
Is 23692818437 a prime number?
True
Is 18687426997 composite?
False
Is 421105733 composite?
False
Is 66755341561 a composite number?
False
Is 49174641661 composite?
True
Is 3695969591 composite?
False
Is 43304738755 a composite number?
True
Is 6243160639 composite?
False
Is 5276663251 a prime number?
True
Is 52061870621 composite?
False
Is 8794066979 a prime number?
True
Is 11815575881 a composite number?
True
Is 2388547043 composite?
False
Is 6122044421 prime?
True
Is 3653084639 composite?
False
Is 219052843 a composite number?
True
Is 220835621 composite?
True
Is 26845981 a composite number?
False
Is 40851976339 prime?
True
Is 65999437233 composite?
True
Is 445009463 a prime number?
True
Is 305693615053 a prime number?
False
Is 7319421401 a composite number?
False
Is 661702421 prime?
False
Is 1928980499 a prime number?
False
Is 18042751597 composite?
True
Is 38007038161 composite?
False
Is 764859169 a prime number?
True
Is 147434449 prime?
True
Is 711226207 a composite number?
False
Is 5061806938 a composite number?
True
Is 1179619187 a composite number?
False
Is 22583435639 a prime number?
True
Is 8620346477 prime?
False
Is 7046455219 a prime number?
True
Is 1777779179 composite?
True
Is 1741521877 a composite number?
False
Is 267518863 a composite number?
True
Is 4662154859 a composite number?
True
Is 40579933033 prime?
True
Is 99093075469 composite?
True
Is 1165801177 composite?
False
Is 401678782207 a prime number?
True
Is 2357854507 composite?
False
Is 666219599 prime?
True
Is 65292750763 a prime number?
True
Is 34789754731 composite?
True
Is 82534787083 composite?
True
Is 4281515087 a prime number?
True
Is 4803326501 composite?
False
Is 48069021629 a composite number?
True
Is 701727847 composite?
True
Is 292988299 prime?
True
Is 175935173 prime?
True
Is 408403097 a composite number?
False
Is 488380547 composite?
True
Is 5627367241 a prime number?
True
Is 346966885289 composite?
True
Is 52976389379 prime?
False
Is 91271387 a prime number?
True
Is 17205042431 composite?
True
Is 1262690917 prime?
True
Is 3502344409 a composite number?
True
Is 7370002499 prime?
False
Is 20794747 a composite number?
False
Is 26